{"id":588,"date":"2024-09-04T22:59:28","date_gmt":"2024-09-04T20:59:28","guid":{"rendered":"https:\/\/pantiestories.com\/?page_id=588"},"modified":"2024-09-08T15:57:51","modified_gmt":"2024-09-08T13:57:51","slug":"politique-de-confidentialite-des-options-de-communication","status":"publish","type":"page","link":"https:\/\/pantiestories.com\/index.php\/politique-de-confidentialite-des-options-de-communication\/","title":{"rendered":"Politique de confidentialit\u00e9 des options de communication"},"content":{"rendered":"\t\t<div data-elementor-type=\"wp-page\" data-elementor-id=\"588\" class=\"elementor elementor-588\" data-elementor-post-type=\"page\">\n\t\t\t\t<div class=\"elementor-element elementor-element-36ebeb0f e-flex e-con-boxed e-con e-parent\" data-id=\"36ebeb0f\" data-element_type=\"container\" data-e-type=\"container\">\n\t\t\t\t\t<div class=\"e-con-inner\">\n\t\t\t\t<div class=\"elementor-element elementor-element-3f8dfb8c elementor-widget elementor-widget-text-editor\" data-id=\"3f8dfb8c\" data-element_type=\"widget\" data-e-type=\"widget\" data-widget_type=\"text-editor.default\">\n\t\t\t\t<div class=\"elementor-widget-container\">\n\t\t\t\t\t\t\t\t\t<h1 style=\"text-align: left;\"><strong>Politique de confidentialit\u00e9 des options de communication<\/strong><\/h1><p>Nous proposons diff\u00e9rentes options de communication pour vous tenir inform\u00e9 de l\u2019avancement de votre commande de mani\u00e8re discr\u00e8te et personnalis\u00e9e.<\/p><h5>Article 1 \u2013 Types de communication<\/h5><p>Les clients peuvent choisir parmi les m\u00e9thodes suivantes pour recevoir des mises \u00e0 jour sur leur commande :<\/p><ul><li><strong>Email<\/strong> : Notifications standards et discr\u00e8tes<\/li><li><strong>SMS<\/strong> : Suivi rapide et direct sur votre t\u00e9l\u00e9phone<\/li><li><strong>WhatsApp<\/strong> : Mises \u00e0 jour avec une touche plus personnelle<\/li><li><strong>Messages audio<\/strong> : Option personnalis\u00e9e o\u00f9 In\u00e8s vous envoie des messages audio<\/li><\/ul><h5>Article 2 \u2013 Confidentialit\u00e9 des communications<\/h5><p>Toutes les communications sont effectu\u00e9es de mani\u00e8re discr\u00e8te et respectueuse de votre vie priv\u00e9e. Aucune information concernant la nature du produit ou du site ne sera divulgu\u00e9e dans ces communications, \u00e0 moins que vous ne choisissiez des options plus d\u00e9taill\u00e9es (photos\/vid\u00e9os).<\/p><h5>Article 3 \u2013 S\u00e9curit\u00e9 des donn\u00e9es<\/h5><p>Vos informations personnelles utilis\u00e9es pour les communications (num\u00e9ro de t\u00e9l\u00e9phone, email, etc.) sont prot\u00e9g\u00e9es conform\u00e9ment \u00e0 notre <strong>Politique de confidentialit\u00e9<\/strong>. Nous ne partageons ces informations avec aucun tiers.<\/p><h5>Article 4 \u2013 Fr\u00e9quence des communications<\/h5><p>Vous recevrez des mises \u00e0 jour r\u00e9guli\u00e8res sur l\u2019avancement de votre commande, notamment au moment de la pr\u00e9paration du produit et lors de l\u2019exp\u00e9dition. La fr\u00e9quence des communications d\u00e9pend de la dur\u00e9e d\u2019attente estim\u00e9e et de vos pr\u00e9f\u00e9rences.<\/p>\t\t\t\t\t\t\t\t<\/div>\n\t\t\t\t<\/div>\n\t\t\t\t\t<\/div>\n\t\t\t\t<\/div>\n\t\t\t\t<\/div>\n\t\t","protected":false},"excerpt":{"rendered":"<p>Politique de confidentialit\u00e9 des options de communication Nous proposons diff\u00e9rentes options de communication pour vous tenir inform\u00e9 de l\u2019avancement de votre commande de mani\u00e8re discr\u00e8te et personnalis\u00e9e. Article 1 \u2013 Types de communication Les clients peuvent choisir parmi les m\u00e9thodes suivantes pour recevoir des mises \u00e0 jour sur leur commande : Email : Notifications standards [&hellip;]<\/p>\n","protected":false},"author":1,"featured_media":0,"parent":0,"menu_order":0,"comment_status":"closed","ping_status":"closed","template":"","meta":{"footnotes":""},"class_list":["post-588","page","type-page","status-publish","hentry"],"_links":{"self":[{"href":"https:\/\/pantiestories.com\/index.php\/wp-json\/wp\/v2\/pages\/588","targetHints":{"allow":["GET"]}}],"collection":[{"href":"https:\/\/pantiestories.com\/index.php\/wp-json\/wp\/v2\/pages"}],"about":[{"href":"https:\/\/pantiestories.com\/index.php\/wp-json\/wp\/v2\/types\/page"}],"author":[{"embeddable":true,"href":"https:\/\/pantiestories.com\/index.php\/wp-json\/wp\/v2\/users\/1"}],"replies":[{"embeddable":true,"href":"https:\/\/pantiestories.com\/index.php\/wp-json\/wp\/v2\/comments?post=588"}],"version-history":[{"count":4,"href":"https:\/\/pantiestories.com\/index.php\/wp-json\/wp\/v2\/pages\/588\/revisions"}],"predecessor-version":[{"id":609,"href":"https:\/\/pantiestories.com\/index.php\/wp-json\/wp\/v2\/pages\/588\/revisions\/609"}],"wp:attachment":[{"href":"https:\/\/pantiestories.com\/index.php\/wp-json\/wp\/v2\/media?parent=588"}],"curies":[{"name":"wp","href":"https:\/\/api.w.org\/{rel}","templated":true}]}}