{"id":524,"date":"2024-07-04T21:57:28","date_gmt":"2024-07-04T19:57:28","guid":{"rendered":"https:\/\/pantiestories.com\/?page_id=524"},"modified":"2024-09-18T22:47:28","modified_gmt":"2024-09-18T20:47:28","slug":"comment-tout-a-commence","status":"publish","type":"page","link":"https:\/\/pantiestories.com\/index.php\/comment-tout-a-commence\/","title":{"rendered":"Comment tout a commenc\u00e9"},"content":{"rendered":"\t\t<div data-elementor-type=\"wp-page\" data-elementor-id=\"524\" class=\"elementor elementor-524\" data-elementor-post-type=\"page\">\n\t\t\t\t\t\t<section class=\"elementor-section elementor-top-section elementor-element elementor-element-7b16c3b1 elementor-section-stretched elementor-section-full_width elementor-section-content-middle elementor-section-height-default elementor-section-height-default\" data-id=\"7b16c3b1\" data-element_type=\"section\" data-e-type=\"section\" data-settings=\"{&quot;stretch_section&quot;:&quot;section-stretched&quot;}\">\n\t\t\t\t\t\t<div class=\"elementor-container elementor-column-gap-no\">\n\t\t\t\t\t<div class=\"elementor-column elementor-col-33 elementor-top-column elementor-element elementor-element-7989b856 animated-fast elementor-invisible\" data-id=\"7989b856\" data-element_type=\"column\" data-e-type=\"column\" data-settings=\"{&quot;background_background&quot;:&quot;classic&quot;,&quot;animation&quot;:&quot;fadeInLeft&quot;}\">\n\t\t\t<div class=\"elementor-widget-wrap elementor-element-populated\">\n\t\t\t\t\t\t<div class=\"elementor-element elementor-element-7b1f01d4 elementor-widget elementor-widget-spacer\" data-id=\"7b1f01d4\" data-element_type=\"widget\" data-e-type=\"widget\" data-widget_type=\"spacer.default\">\n\t\t\t\t<div class=\"elementor-widget-container\">\n\t\t\t\t\t\t\t<div class=\"elementor-spacer\">\n\t\t\t<div class=\"elementor-spacer-inner\"><\/div>\n\t\t<\/div>\n\t\t\t\t\t\t<\/div>\n\t\t\t\t<\/div>\n\t\t\t\t\t<\/div>\n\t\t<\/div>\n\t\t\t\t<div class=\"elementor-column elementor-col-66 elementor-top-column elementor-element elementor-element-6f25add9\" data-id=\"6f25add9\" data-element_type=\"column\" data-e-type=\"column\">\n\t\t\t<div class=\"elementor-widget-wrap elementor-element-populated\">\n\t\t\t\t\t\t<section class=\"elementor-section elementor-inner-section elementor-element elementor-element-62af54fc elementor-section-boxed elementor-section-height-default elementor-section-height-default\" data-id=\"62af54fc\" data-element_type=\"section\" data-e-type=\"section\">\n\t\t\t\t\t\t<div class=\"elementor-container elementor-column-gap-default\">\n\t\t\t\t\t<div class=\"elementor-column elementor-col-100 elementor-inner-column elementor-element elementor-element-318a8db0\" data-id=\"318a8db0\" data-element_type=\"column\" data-e-type=\"column\">\n\t\t\t<div class=\"elementor-widget-wrap elementor-element-populated\">\n\t\t\t\t\t\t<div class=\"elementor-element elementor-element-497d3bd4 elementor-invisible elementor-widget elementor-widget-heading\" data-id=\"497d3bd4\" data-element_type=\"widget\" data-e-type=\"widget\" data-settings=\"{&quot;_animation&quot;:&quot;fadeIn&quot;}\" data-widget_type=\"heading.default\">\n\t\t\t\t<div class=\"elementor-widget-container\">\n\t\t\t\t\t<h2 class=\"elementor-heading-title elementor-size-default\">In\u00e8s<\/h2>\t\t\t\t<\/div>\n\t\t\t\t<\/div>\n\t\t\t\t<div class=\"elementor-element elementor-element-75fcc9b5 elementor-widget elementor-widget-text-editor\" data-id=\"75fcc9b5\" data-element_type=\"widget\" data-e-type=\"widget\" data-widget_type=\"text-editor.default\">\n\t\t\t\t<div class=\"elementor-widget-container\">\n\t\t\t\t\t\t\t\t\t<p>Bonjour \u00e0 tous, je suis In\u00e8s. Aujourd&rsquo;hui, je vais vous raconter une histoire qui a chang\u00e9 ma vie et qui a conduit \u00e0 la cr\u00e9ation de Pantiestories.com.<\/p>\t\t\t\t\t\t\t\t<\/div>\n\t\t\t\t<\/div>\n\t\t\t\t\t<\/div>\n\t\t<\/div>\n\t\t\t\t\t<\/div>\n\t\t<\/section>\n\t\t\t\t<section class=\"elementor-section elementor-inner-section elementor-element elementor-element-2107fcbb elementor-section-boxed elementor-section-height-default elementor-section-height-default\" data-id=\"2107fcbb\" data-element_type=\"section\" data-e-type=\"section\">\n\t\t\t\t\t\t<div class=\"elementor-container elementor-column-gap-default\">\n\t\t\t\t\t<div class=\"elementor-column elementor-col-50 elementor-inner-column elementor-element elementor-element-59625872\" data-id=\"59625872\" data-element_type=\"column\" data-e-type=\"column\">\n\t\t\t<div class=\"elementor-widget-wrap elementor-element-populated\">\n\t\t\t\t\t\t<div class=\"elementor-element elementor-element-68deecfc elementor-widget elementor-widget-text-editor\" data-id=\"68deecfc\" data-element_type=\"widget\" data-e-type=\"widget\" data-widget_type=\"text-editor.default\">\n\t\t\t\t<div class=\"elementor-widget-container\">\n\t\t\t\t\t\t\t\t\t<p>Il y a un peu plus d&rsquo;un an, alors que j&rsquo;avais 22 ans, je me trouvais en vacances chez ma tante dans le Sud de la France. C&rsquo;\u00e9tait une belle apr\u00e8s-midi ensoleill\u00e9e, et j&rsquo;avais d\u00e9cid\u00e9 de prendre une douche pour me rafra\u00eechir. Alors que je revenais vers la salle de bain pour r\u00e9cup\u00e9rer une serviette, j&rsquo;ai aper\u00e7u mon cousin fouillant dans le linge sale. Ce que j&rsquo;ai vu m&rsquo;a laiss\u00e9e sans voix : il tenait une de mes culottes.<\/p><p>Je suis rest\u00e9e p\u00e9trifi\u00e9e, cach\u00e9e derri\u00e8re la porte, observant cette sc\u00e8ne troublante. Je ressentais un m\u00e9lange de g\u00eane, de confusion et quelque chose d&rsquo;indescriptible qui s&rsquo;agitait en moi. Mon c\u0153ur battait la chamade et, n&rsquo;osant pas me montrer, je suis retourn\u00e9e discr\u00e8tement dans ma chambre, essayant de comprendre ce qui venait de se passer.<\/p><p>Plus tard dans la journ\u00e9e, je me suis retrouv\u00e9e seule avec mon cousin. G\u00ean\u00e9e mais d\u00e9cid\u00e9e \u00e0 comprendre, je lui ai demand\u00e9 pourquoi il avait fait \u00e7a. Son visage est devenu rouge de honte, mais comme nous \u00e9tions tr\u00e8s proches, il a fini par avouer que cela l&rsquo;intriguait beaucoup. \u00c0 ma grande surprise, il m&rsquo;a m\u00eame demand\u00e9 s&rsquo;il pouvait garder ma culotte. \u00c9videmment, j&rsquo;ai refus\u00e9, choqu\u00e9e et perturb\u00e9e par cette demande. Il a insist\u00e9, me proposant m\u00eame de l&rsquo;argent, mais j&rsquo;ai cat\u00e9goriquement refus\u00e9.<\/p>\t\t\t\t\t\t\t\t<\/div>\n\t\t\t\t<\/div>\n\t\t\t\t\t<\/div>\n\t\t<\/div>\n\t\t\t\t<div class=\"elementor-column elementor-col-50 elementor-inner-column elementor-element elementor-element-6f206481\" data-id=\"6f206481\" data-element_type=\"column\" data-e-type=\"column\">\n\t\t\t<div class=\"elementor-widget-wrap elementor-element-populated\">\n\t\t\t\t\t\t<div class=\"elementor-element elementor-element-5f996932 elementor-widget elementor-widget-text-editor\" data-id=\"5f996932\" data-element_type=\"widget\" data-e-type=\"widget\" data-widget_type=\"text-editor.default\">\n\t\t\t\t<div class=\"elementor-widget-container\">\n\t\t\t\t\t\t\t\t\t<p>De retour chez moi, je vivais avec mon petit ami \u00e0 l&rsquo;\u00e9poque. Je lui ai racont\u00e9 ce qui s&rsquo;\u00e9tait pass\u00e9, m&rsquo;attendant \u00e0 ce qu&rsquo;il soit aussi choqu\u00e9 que moi. \u00c0 ma grande surprise, il n&rsquo;a pas r\u00e9agi de la mani\u00e8re que j&rsquo;attendais. Au lieu de cela, il a compris pourquoi mon cousin avait pu \u00eatre intrigu\u00e9. Curieuse et d\u00e9sorient\u00e9e, je lui ai demand\u00e9 des explications. Il m&rsquo;a alors r\u00e9v\u00e9l\u00e9 que beaucoup de personnes fantasment sur les v\u00eatements port\u00e9s et qu&rsquo;il existe m\u00eame des sites internet d\u00e9di\u00e9s \u00e0 cette pratique. J&rsquo;\u00e9tais incr\u00e9dule, mais il m&rsquo;a montr\u00e9 ces sites, et effectivement, j&rsquo;ai d\u00e9couvert un monde que je ne soup\u00e7onnais pas.<\/p><p>Les jours suivants, je n&rsquo;arrivais pas \u00e0 trouver le sommeil. Je repensais sans cesse \u00e0 cette exp\u00e9rience. Ce que j&rsquo;avais vu chez ma tante \u00e9tait troublant, mais ce qui me perturbait encore plus, c&rsquo;\u00e9tait l&rsquo;absence de sensualit\u00e9 et d&rsquo;histoire derri\u00e8re ces gestes. Tout cela semblait si froid, sans \u00e2me.<\/p><p>L&rsquo;id\u00e9e a commenc\u00e9 \u00e0 germer dans mon esprit et est devenue une obsession. Un soir, au restaurant avec mon meilleur ami, apr\u00e8s quelques verres de vin, je lui ai tout racont\u00e9. Son int\u00e9r\u00eat s&rsquo;est imm\u00e9diatement \u00e9veill\u00e9. D\u00e9veloppeur de profession, il a trouv\u00e9 l&rsquo;id\u00e9e \u00e0 la fois excitante et originale. Dans l&rsquo;ivresse de la soir\u00e9e, il m&rsquo;a propos\u00e9 de cr\u00e9er un site internet pour moi, gratuitement. Il suffisait que je prenne des photos de mes culottes et que je raconte leurs histoires.<\/p><p>Et voil\u00e0, un an plus tard, vous et moi sommes ici, dans ce lieu intime o\u00f9 je partage avec vous une part de moi-m\u00eame, \u00e0 travers mes culottes et les histoires qui les accompagnent. Bienvenue dans mon monde, bienvenue sur Pantiestories.com.<\/p>\t\t\t\t\t\t\t\t<\/div>\n\t\t\t\t<\/div>\n\t\t\t\t\t<\/div>\n\t\t<\/div>\n\t\t\t\t\t<\/div>\n\t\t<\/section>\n\t\t\t\t\t<\/div>\n\t\t<\/div>\n\t\t\t\t\t<\/div>\n\t\t<\/section>\n\t\t\t\t<section class=\"elementor-section elementor-top-section elementor-element elementor-element-2df6b8da envato-kit-141-top-0 elementor-section-boxed elementor-section-height-default elementor-section-height-default\" data-id=\"2df6b8da\" data-element_type=\"section\" data-e-type=\"section\" data-settings=\"{&quot;background_background&quot;:&quot;classic&quot;}\">\n\t\t\t\t\t\t\t<div class=\"elementor-background-overlay\"><\/div>\n\t\t\t\t\t\t\t<div class=\"elementor-container elementor-column-gap-wider\">\n\t\t\t\t\t<div class=\"elementor-column elementor-col-50 elementor-top-column elementor-element elementor-element-5957b3b0\" data-id=\"5957b3b0\" data-element_type=\"column\" data-e-type=\"column\">\n\t\t\t<div class=\"elementor-widget-wrap elementor-element-populated\">\n\t\t\t\t\t\t<div class=\"elementor-element elementor-element-5cf346c5 elementor-invisible elementor-widget elementor-widget-heading\" data-id=\"5cf346c5\" data-element_type=\"widget\" data-e-type=\"widget\" data-settings=\"{&quot;_animation&quot;:&quot;fadeIn&quot;}\" data-widget_type=\"heading.default\">\n\t\t\t\t<div class=\"elementor-widget-container\">\n\t\t\t\t\t<h2 class=\"elementor-heading-title elementor-size-default\">Le concept de Panties Stories<\/h2>\t\t\t\t<\/div>\n\t\t\t\t<\/div>\n\t\t\t\t<div class=\"elementor-element elementor-element-193d577 elementor-widget elementor-widget-text-editor\" data-id=\"193d577\" data-element_type=\"widget\" data-e-type=\"widget\" data-widget_type=\"text-editor.default\">\n\t\t\t\t<div class=\"elementor-widget-container\">\n\t\t\t\t\t\t\t\t\t<p>Panties Stories, c\u2019est bien plus que des culottes port\u00e9es, c\u2019est une aventure o\u00f9 chaque pi\u00e8ce raconte une histoire unique, pleine d\u2019\u00e9motion et de sens. Ici, vous ne commandez pas simplement un produit, mais vous plongez dans une exp\u00e9rience intime et personnalis\u00e9e.<\/p>\t\t\t\t\t\t\t\t<\/div>\n\t\t\t\t<\/div>\n\t\t\t\t\t<\/div>\n\t\t<\/div>\n\t\t\t\t<div class=\"elementor-column elementor-col-50 elementor-top-column elementor-element elementor-element-3e34f949\" data-id=\"3e34f949\" data-element_type=\"column\" data-e-type=\"column\">\n\t\t\t<div class=\"elementor-widget-wrap elementor-element-populated\">\n\t\t\t\t\t\t<div class=\"elementor-element elementor-element-48fc238c elementor-widget elementor-widget-text-editor\" data-id=\"48fc238c\" data-element_type=\"widget\" data-e-type=\"widget\" data-widget_type=\"text-editor.default\">\n\t\t\t\t<div class=\"elementor-widget-container\">\n\t\t\t\t\t\t\t\t\t<p>\u00a0<\/p><p>Chaque culotte est soigneusement pr\u00e9par\u00e9e selon vos d\u00e9sirs. Vous pouvez m\u00eame personnaliser votre commande en choisissant des sc\u00e9narios sp\u00e9cifiques, des histoires qui donnent vie \u00e0 chaque pi\u00e8ce. Si vous pr\u00e9f\u00e9rez, optez pour une culotte d\u00e9j\u00e0 port\u00e9e, accompagn\u00e9e de l\u2019histoire sp\u00e9ciale du mois. Chez <strong>Panties Stories<\/strong>, nous nous effor\u00e7ons de cr\u00e9er une connexion authentique et respectueuse, tout en prenant soin d\u2019honorer vos pr\u00e9f\u00e9rences.<\/p><p>Nous offrons une multitude d\u2019options pour rendre votre exp\u00e9rience encore plus immersive : des messages exclusifs d\u2019In\u00e8s, un suivi discret, des emballages sp\u00e9ciaux sous vide, des photos ou des vid\u00e9os, et bien plus encore. Tout est fait pour que chaque commande soit un moment unique et m\u00e9morable.<\/p>\t\t\t\t\t\t\t\t<\/div>\n\t\t\t\t<\/div>\n\t\t\t\t\t<\/div>\n\t\t<\/div>\n\t\t\t\t\t<\/div>\n\t\t<\/section>\n\t\t\t\t<\/div>\n\t\t","protected":false},"excerpt":{"rendered":"<p>In\u00e8s Bonjour \u00e0 tous, je suis In\u00e8s. Aujourd&rsquo;hui, je vais vous raconter une histoire qui a chang\u00e9 ma vie et qui a conduit \u00e0 la cr\u00e9ation de Pantiestories.com. Il y a un peu plus d&rsquo;un an, alors que j&rsquo;avais 22 ans, je me trouvais en vacances chez ma tante dans le Sud de la France. [&hellip;]<\/p>\n","protected":false},"author":1,"featured_media":0,"parent":0,"menu_order":0,"comment_status":"closed","ping_status":"closed","template":"","meta":{"footnotes":""},"class_list":["post-524","page","type-page","status-publish","hentry"],"_links":{"self":[{"href":"https:\/\/pantiestories.com\/index.php\/wp-json\/wp\/v2\/pages\/524","targetHints":{"allow":["GET"]}}],"collection":[{"href":"https:\/\/pantiestories.com\/index.php\/wp-json\/wp\/v2\/pages"}],"about":[{"href":"https:\/\/pantiestories.com\/index.php\/wp-json\/wp\/v2\/types\/page"}],"author":[{"embeddable":true,"href":"https:\/\/pantiestories.com\/index.php\/wp-json\/wp\/v2\/users\/1"}],"replies":[{"embeddable":true,"href":"https:\/\/pantiestories.com\/index.php\/wp-json\/wp\/v2\/comments?post=524"}],"version-history":[{"count":13,"href":"https:\/\/pantiestories.com\/index.php\/wp-json\/wp\/v2\/pages\/524\/revisions"}],"predecessor-version":[{"id":692,"href":"https:\/\/pantiestories.com\/index.php\/wp-json\/wp\/v2\/pages\/524\/revisions\/692"}],"wp:attachment":[{"href":"https:\/\/pantiestories.com\/index.php\/wp-json\/wp\/v2\/media?parent=524"}],"curies":[{"name":"wp","href":"https:\/\/api.w.org\/{rel}","templated":true}]}}